+ 30*q**2 - 198*q - 5131. Determine i(-31).
46
Let k(s) = -38*s**3 + 796*s**2 - 35*s + 157. What is k(21)?
-1460
Let c(d) = 20*d**3 + 10*d**2 - 23*d + 5. Calculate c(2).
159
Let n(s) = s**3 - 62*s**2 + 218*s + 526. Give n(58).
-286
Let q(x) = 2*x**2 + 194*x - 14220. What is q(-144)?
-684
Let u(z) = -8*z**2 - 612*z - 317. Calculate u(-76).
-13
Let q(t) = -14*t**2 + 165519*t + 993606. Give q(-6).
-12
Let p(i) = i**3 - 4*i**2 - 333*i + 256. What is p(20)?
-4
Let n(k) = 3*k**3 + 33*k**2 - 116*k - 461. Give n(-13).
33
Let t(z) = 4*z**3 - 26*z**2 - 297*z - 12. Calculate t(-6).
-30
Let b(s) = 4542*s - 186206. What is b(41)?
16
Let x(b) = 11*b**3 + 80*b**2 - 72*b - 658. Give x(-7).
-7
Let w(g) = -73339*g + 14227765. Calculate w(194).
-1
Let r(c) = -4*c**2 - 118*c + 818. Give r(-34).
206
Let b(t) = -202*t + 69128. What is b(344)?
-360
Let h(a) = 2*a**3 - 226*a**2 - 21*a + 2413. Calculate h(113).
40
Let t(p) = 12*p**3 - 9503*p**2 - 783*p - 7097. Calculate t(792).
31
Let v(s) = 199*s - 1963. Calculate v(5).
-968
Let k(x) = -13*x**2 - 447*x - 3365. Give k(-23).
39
Let t(j) = -241*j + 4979. Calculate t(21).
-82
Let r(b) = -19005*b - 361052. Determine r(-19).
43
Let p(d) = d**3 + 23*d**2 + 89*d + 816. Determine p(-19).
569
Let d(x) = 17*x**2 - 10726*x - 64273. Give d(-6).
695
Let i(t) = -23*t - 1098. Give i(-54).
144
Let x(p) = 1805*p + 211200. Determine x(-117).
15
Let m(u) = -5*u**3 + 427*u**2 - 3246*u + 914. Calculate m(77).
-10
Let w(j) = 31*j**3 + 336*j**2 - 351*j + 15. Determine w(1).
31
Let n(a) = -2*a**3 + 28*a**2 + 139*a - 2160. Determine n(12).
84
Let z(v) = -63*v**2 - 30186*v - 34413. Give z(-478).
3
Let c(h) = -1566*h + 15717. Determine c(10).
57
Let q(d) = 2*d**2 + 631*d + 4351. Calculate q(-7).
32
Let t(h) = -5446*h - 370326. Give t(-68).
2
Let v(z) = z**2 + 57*z - 565. Give v(-72).
515
Let i(v) = -4*v**2 + 502*v + 4605. Determine i(-9).
-237
Let r(i) = -i**3 + 518*i**2 - 6095*i + 280. Determine r(12).
4
Let y(j) = 9*j**3 - j**2 + 56*j + 356. What is y(-5)?
-1074
Let g(z) = 29*z**3 - 1062*z**2 - 407*z + 3. Determine g(37).
3
Let h(l) = 3*l**2 + 108451*l - 108449. Give h(1).
5
Let l(m) = -6*m**2 + 33*m + 1357. Determine l(-13).
-86
Let r(i) = -4*i**3 - 2269*i**2 + 1985*i + 159598. What is r(-568)?
-10
Let y(w) = -805*w - 60135. Determine y(-76).
1045
Let a(x) = -x**3 + 26*x**2 + 72*x - 1289. Give a(27).
-74
Let g(q) = q**3 - 37*q**2 - 64*q + 16. Give g(-2).
-12
Let f(v) = v**2 + 4504*v + 218376. Calculate f(-49).
81
Let f(x) = x**2 + 12492*x - 400825. What is f(32)?
-57
Let y(s) = 3017*s + 24283. Calculate y(-8).
147
Let l(j) = 74*j + 5274. Give l(-69).
168
Let q(x) = x**3 + 72*x**2 - 156*x - 658. Give q(-74).
-66
Let x(r) = -29*r + 8404. Calculate x(309).
-557
Let n(o) = -11*o**2 + 232*o - 923. Give n(4).
-171
Let z(w) = -576*w**2 + 48963*w - 124. Give z(85).
131
Let k(x) = -1064787*x + 6388718. Calculate k(6).
-4
Let t(q) = 337021*q + 3370243. Give t(-10).
33
Let u(p) = -19*p**2 - 33*p - 249. Determine u(-7).
-949
Let b(l) = 60*l**3 - 99*l**2 + 291*l - 184. Calculate b(2).
482
Let f(p) = -3832*p + 153282. Calculate f(40).
2
Let q(t) = -2*t**2 - 3048*t - 112941. What is q(-38)?
-5
Let b(s) = 468*s + 10204. Determine b(-22).
-92
Let b(m) = -12216*m + 171121. Calculate b(14).
97
Let p(i) = -357940*i - 1789671. Give p(-5).
29
Let j(i) = i**3 + 231*i**2 - 1177*i + 888. What is j(-236)?
180
Let p(d) = 13415*d - 93900. Determine p(7).
5
Let v(b) = b**3 + 13*b**2 + 3*b - 40. Calculate v(-11).
169
Let g(y) = 6*y**2 + 218*y - 35. What is g(-24)?
-1811
Let x(u) = -115834*u + 2200777. Give x(19).
-69
Let o(m) = -220*m**2 + 439*m + 7. What is o(2)?
5
Let x(a) = 5*a**2 + 3009*a + 46889. Determine x(-16).
25
Let s(p) = 19*p**2 + 138*p + 88. Determine s(-6).
-56
Let u(a) = 7214*a + 14254846. What is u(-1976)?
-18
Let x(t) = 3599*t - 18079. Determine x(5).
-84
Let j(h) = -44*h**3 - 74*h**2 - 165*h - 38. Give j(-2).
348
Let w(c) = -3*c**2 - 11093*c + 88638. Give w(8).
-298
Let c(r) = r**3 - 2*r**2 - 61*r - 544. What is c(-12)?
-1828
Let z(j) = -12*j**2 + 255*j + 83. Calculate z(3).
740
Let d(q) = -27*q - 176. Determine d(-8).
40
Let q(c) = c**3 + 11*c**2 + 70*c - 3420. Determine q(11).
12
Let o(b) = b**2 - 249717*b - 2996652. Calculate o(-12).
96
Let n(h) = -h**3 - 210*h**2 - 1435*h - 43045. Determine n(-204).
-1
Let r(z) = -5*z**3 - 345*z**2 - 5*z - 239. Determine r(-69).
106
Let l(k) = 47*k**2 + 401*k + 695. Calculate l(-6).
-19
Let p(f) = -9*f**2 + 83*f + 28. What is p(13)?
-414
Let p(z) = -6*z**2 - 45*z - 222. Determine p(-7).
-201
Let d(o) = o**3 - 13*o**2 + 44*o + 1166. Give d(10).
1306
Let r(y) = 1043*y + 8781. Calculate r(-9).
-606
Let g(j) = -j**2 + 59*j - 434. Determine g(53).
-116
Let w(t) = 2*t**2 + 2471*t + 575062. Give w(-311).
23
Let d(f) = -f**2 - 3860*f + 247142. Give d(63).
-7
Let l(p) = 44041*p - 352256. Calculate l(8).
72
Let l(j) = -j**3 + 257*j**2 - 767*j + 2032. Calculate l(254).
762
Let c(l) = 465761*l + 2794619. What is c(-6)?
53
Let s(z) = -145*z**2 - 6558*z - 1488. Give s(-45).
-3
Let w(d) = 40186*d + 2571913. What is w(-64)?
9
Let k(i) = -3*i**2 + 8315*i - 33211. What is k(4)?
1
Let l(d) = d**2 + 8606*d + 188858. Calculate l(-22).
10
Let w(z) = 13748*z + 7203952. Give w(-524).
0
Let b(v) = -2*v**3 + 443*v**2 - 240*v + 4182. Determine b(221).
-17
Let b(h) = -15*h**2 - 9413*h - 37425. Give b(-4).
-13
Let j(w) = 19354*w + 19031. Give j(-1).
-323
Let b(w) = -3464*w - 38146. What is b(-11)?
-42
Let z(i) = 486*i**3 - 48*i**2 + 73*i + 39. Calculate z(2).
3881
Let t(g) = -5*g + 277. Determine t(65).
-48
Let f(v) = -4753*v + 380234. Determine f(80).
-6
Let a(t) = -1198*t + 1215. What is a(1)?
17
Let g(i) = -18862*i - 169818. What is g(-9)?
-60
Let t(g) = 2*g**3 - 8*g**2 - 15*g + 73. What is t(5)?
48
Let y(t) = 15*t**2 - 465*t + 862. What is y(29)?
-8
Let o(f) = -386529*f - 11209325. Give o(-29).
16
Let u(q) = 2*q**3 + 2518*q**2 - 69452*q + 149. Calculate u(27).
-67
Let v(t) = -t**2 + 188392*t - 4520826. Give v(24).
6
Let c(v) = -1626259*v + 3252514. Determine c(2).
-4
Let f(x) = 30298*x - 13967388. Determine f(461).
-10
Let j(h) = -h**3 + 20*h**2 + 90*h + 112. Give j(-4).
136
Let a(z) = z**3 - 142*z**2 - 3828*z + 543576. Calculate a(142).
0
Let a(k) = 1047*k**2 - 16832*k + 1277. Give a(16).
-3
Let q(f) = -2*f**2 - 10642*f - 652107. Determine q(-62).
9
Let j(s) = 13*s**2 + 152*s + 399. Calculate j(-7).
-28
Let m(j) = -2381*j - 47647. What is m(-20)?
-27
Let z(g) = g**2 - 3346*g - 841545. Calculate z(-235).
-10
Let y(x) = x**3 - 20*x**2 + 31*x - 13. What is y(20)?
607
Let h(g) = g**2 + 638*g + 3162. Give h(-5).
-3
Let f(b) = b**3 + 122*b**2 - 1390*b - 141633. Determine f(-124).
-25
Let k(y) = -5*y**3 - 21*y**2 - 26*y - 178. Give k(-5).
52
Let l(c) = -52359*c + 1204255. What is l(23)?
-2
Let c(p) = -62459*p - 3997391. Determine c(-64).
-15
Let o(s) = s**3 + 196*s**2 + 4986*s + 907. Calculate o(-166).
-89
Let b(n) = -395*n + 97844. Determine b(255).
-2881
Let q(u) = -10099*u - 110779. Determine q(-11).
310
Let w(f) = 35609*f - 71265. Determine w(2).
-47
Let q(d) = 13*d**2 + 113*d + 238. Give q(-14).
1204
Let s(y) = 123*y + 2032. Give s(-17).
-59
Let u(s) = -s**3 - 86*s**2 - 1329*s - 571. Calculate u(-66).
23
Let i(t) = 2*t**3 - 30*t**2 + 220*t - 168. What is i(10)?
1032
Let v(n) = 2*n**3 + 403*n**2 + 208*n + 1434. What is v(-201)?
27
Let w(k) = 30*k**3 + 116*k**2 - 4*k - 87. Give w(0).
-87
Let d(k) = -4643*k + 1267540. Calculate d(273).
1
Let y(s) = -1556*s - 19896. Calculate y(-13).
332
Let l(c) = -c**2 - 305*c + 62873. Give l(-446).
-13
Let x(n) = -19771*n + 59332. Determine x(3).
19
Let o(q) = -q**3 + 11*q**2 + 7027*q - 104503. Determine o(15).
2
Let o(c) = -737*c + 19494. Determine o(27).
-405
Let p(b) = -11*b**2 - 2160*b - 43885. Calculate p(-23).
-24
Let a(x) = x**2 + 204860*x + 10035743. Determine a(-49).
4
Let p(m) = 6150*m + 227262. Calculate p(-37).
-288
Let v(n) = -n**3 - 13*n**2 - 199*n - 3523. Give v(-15).
-88
Let b(l) = 2*l**3 - 856*l**2 - 51*l + 21879. Calculate b(428).
51
Let q(j) = -2*j**2 - 192*j - 3093. What is q(-74)?
163
Let h(p) = 26*p**2 - 1171*p - 3502. Determine h(-3).
245
Let x(y) = -2034*y - 924. Determine x(-1).
1110
Let c(w) = 45*w**2 + 225*w + 10. What is c(-5)?
10
Let i(z) = 434*z**2 - 35147*z - 576. Give i(81